{"id":10007,"date":"2019-10-21T10:36:20","date_gmt":"2019-10-21T10:36:20","guid":{"rendered":"http:\/\/www.medienberatungev.org\/wp-content\/uploads\/2019\/10\/HamburgerMantel1905.jpg"},"modified":"2026-03-28T16:48:33","modified_gmt":"2026-03-28T16:48:33","slug":"hamburgermantel1905","status":"inherit","type":"attachment","link":"https:\/\/www.medienberatungev.org\/?attachment_id=10007","title":{"rendered":"Hamburger Mantel 1905"},"author":2,"featured_media":0,"comment_status":"open","ping_status":"closed","template":"","meta":[],"class_list":["post-10007","attachment","type-attachment","status-inherit","hentry"],"description":{"rendered":"<p class=\"attachment\"><a href='https:\/\/www.medienberatungev.org\/wp-content\/uploads\/2019\/10\/HamburgerMantel1905.jpg'><img loading=\"lazy\" decoding=\"async\" width=\"300\" height=\"217\" src=\"https:\/\/www.medienberatungev.org\/wp-content\/uploads\/2019\/10\/HamburgerMantel1905.jpg\" class=\"attachment-medium size-medium\" alt=\"Der Hamburger Mantel. Foto Fr\u00fchjahr 1905. Ein Bild der Familie Hirte. Im Kinderwagen Annelise Hirte geb. 1904. Ihre Schwester (sp\u00e4ter Tante P\u00fcppi genannt, ganz links im Bild) im hamburger Mantel. Die Eltern, C\u00e4cilie und Hermann Hirte in der Mitte des Bildes. C\u00e4cilie Hirte hatte 1906, nach dem Sturz von einer Leiter beim Gardinenaufh\u00e4ngen, eine Fehlgeburt und starb. Hermann heiratet erneut und gab die Kinder in Pflegefamilien.\" \/><\/a><\/p>\n<p>Fotograf unbekannt<\/p>\n"},"caption":{"rendered":"<p>Hamburger Mantel 1905<\/p>\n"},"alt_text":"Der Hamburger Mantel. Foto Fr\u00fchjahr 1905. Ein Bild der Familie Hirte. Im Kinderwagen Annelise Hirte geb. 1904. Ihre Schwester (sp\u00e4ter Tante P\u00fcppi genannt, ganz links im Bild) im hamburger Mantel. Die Eltern, C\u00e4cilie und Hermann Hirte in der Mitte des Bildes. C\u00e4cilie Hirte hatte 1906, nach dem Sturz von einer Leiter beim Gardinenaufh\u00e4ngen, eine Fehlgeburt und starb. Hermann heiratet erneut und gab die Kinder in Pflegefamilien.","media_type":"image","mime_type":"image\/jpeg","media_details":{"width":780,"height":564,"file":"2019\/10\/HamburgerMantel1905.jpg","sizes":{},"image_meta":{"aperture":"3.2","credit":"","camera":"DMC-FZ200","caption":"","created_timestamp":"1404240302","copyright":"","focal_length":"5.8","iso":"160","shutter_speed":"0.004","title":"","orientation":"1","keywords":[]}},"post":10006,"source_url":"https:\/\/www.medienberatungev.org\/wp-content\/uploads\/2019\/10\/HamburgerMantel1905.jpg","_links":{"self":[{"href":"https:\/\/www.medienberatungev.org\/index.php?rest_route=\/wp\/v2\/media\/10007","targetHints":{"allow":["GET"]}}],"collection":[{"href":"https:\/\/www.medienberatungev.org\/index.php?rest_route=\/wp\/v2\/media"}],"about":[{"href":"https:\/\/www.medienberatungev.org\/index.php?rest_route=\/wp\/v2\/types\/attachment"}],"author":[{"embeddable":true,"href":"https:\/\/www.medienberatungev.org\/index.php?rest_route=\/wp\/v2\/users\/2"}],"replies":[{"embeddable":true,"href":"https:\/\/www.medienberatungev.org\/index.php?rest_route=%2Fwp%2Fv2%2Fcomments&post=10007"}],"wp:attached-to":[{"embeddable":true,"post_type":"post","id":10006,"href":"https:\/\/www.medienberatungev.org\/index.php?rest_route=\/wp\/v2\/posts\/10006"}],"curies":[{"name":"wp","href":"https:\/\/api.w.org\/{rel}","templated":true}]}}

<p class="attachment"><a href='https://www.medienberatungev.org/wp-content/uploads/2019/10/HamburgerMantel1905.jpg'><img loading="lazy" decoding="async" width="300" height="217" src="https://www.medienberatungev.org/wp-content/uploads/2019/10/HamburgerMantel1905.jpg" class="attachment-medium size-medium" alt="Der Hamburger Mantel. Foto Frühjahr 1905. Ein Bild der Familie Hirte. Im Kinderwagen Annelise Hirte geb. 1904. Ihre Schwester (später Tante Püppi genannt, ganz links im Bild) im hamburger Mantel. Die Eltern, Cäcilie und Hermann Hirte in der Mitte des Bildes. Cäcilie Hirte hatte 1906, nach dem Sturz von einer Leiter beim Gardinenaufhängen, eine Fehlgeburt und starb. Hermann heiratet erneut und gab die Kinder in Pflegefamilien." /></a></p>
<p>Fotograf unbekannt</p>

Der Hamburger Mantel. Foto Frühjahr 1905. Ein Bild der Familie Hirte. Im Kinderwagen Annelise Hirte geb. 1904. Ihre Schwester (später Tante Püppi genannt, ganz links im Bild) im hamburger Mantel. Die Eltern, Cäcilie und Hermann Hirte in der Mitte des Bildes. Cäcilie Hirte hatte 1906, nach dem Sturz von einer Leiter beim Gardinenaufhängen, eine Fehlgeburt und starb. Hermann heiratet erneut und gab die Kinder in Pflegefamilien.
