{"id":7396,"date":"2018-06-22T08:43:39","date_gmt":"2018-06-22T08:43:39","guid":{"rendered":"http:\/\/www.medienberatungev.org\/wp-content\/uploads\/2018\/06\/M\u00e4nnermitfragw\u00fcrdigerVergangenheitklein.jpg"},"modified":"2019-11-06T18:26:09","modified_gmt":"2019-11-06T18:26:09","slug":"maennermitfragwuerdigervergangenheitklein","status":"inherit","type":"attachment","link":"https:\/\/www.medienberatungev.org\/?attachment_id=7396","title":{"rendered":"M\u00e4nner mit fragw\u00fcrdiger Vergangenheit"},"author":2,"featured_media":0,"comment_status":"open","ping_status":"open","template":"","meta":[],"class_list":["post-7396","attachment","type-attachment","status-inherit","hentry"],"description":{"rendered":"<p class=\"attachment\"><a href='https:\/\/www.medienberatungev.org\/wp-content\/uploads\/2018\/06\/M\u00e4nnermitfragw\u00fcrdigerVergangenheitklein-e1573064788220.jpg'><img loading=\"lazy\" decoding=\"async\" width=\"214\" height=\"300\" src=\"https:\/\/www.medienberatungev.org\/wp-content\/uploads\/2018\/06\/M\u00e4nnermitfragw\u00fcrdigerVergangenheitklein-214x300.jpg\" class=\"attachment-medium size-medium\" alt=\"\" srcset=\"https:\/\/www.medienberatungev.org\/wp-content\/uploads\/2018\/06\/M\u00e4nnermitfragw\u00fcrdigerVergangenheitklein-214x300.jpg 214w, https:\/\/www.medienberatungev.org\/wp-content\/uploads\/2018\/06\/M\u00e4nnermitfragw\u00fcrdigerVergangenheitklein-731x1024.jpg 731w, https:\/\/www.medienberatungev.org\/wp-content\/uploads\/2018\/06\/M\u00e4nnermitfragw\u00fcrdigerVergangenheitklein-e1573064788220.jpg 300w\" sizes=\"auto, (max-width: 214px) 85vw, 214px\" \/><\/a><\/p>\n"},"caption":{"rendered":""},"alt_text":"","media_type":"image","mime_type":"image\/jpeg","media_details":{"width":300,"height":420,"file":"2018\/06\/M\u00e4nnermitfragw\u00fcrdigerVergangenheitklein-e1573064788220.jpg","sizes":{"thumbnail":{"file":"M\u00e4nnermitfragw\u00fcrdigerVergangenheitklein-150x150.jpg","width":150,"height":150,"mime_type":"image\/jpeg","source_url":"https:\/\/www.medienberatungev.org\/wp-content\/uploads\/2018\/06\/M\u00e4nnermitfragw\u00fcrdigerVergangenheitklein-150x150.jpg"},"medium":{"file":"M\u00e4nnermitfragw\u00fcrdigerVergangenheitklein-214x300.jpg","width":214,"height":300,"mime_type":"image\/jpeg","source_url":"https:\/\/www.medienberatungev.org\/wp-content\/uploads\/2018\/06\/M\u00e4nnermitfragw\u00fcrdigerVergangenheitklein-214x300.jpg"},"large":{"file":"M\u00e4nnermitfragw\u00fcrdigerVergangenheitklein-731x1024.jpg","width":731,"height":1024,"mime_type":"image\/jpeg","source_url":"https:\/\/www.medienberatungev.org\/wp-content\/uploads\/2018\/06\/M\u00e4nnermitfragw\u00fcrdigerVergangenheitklein-731x1024.jpg"},"post-thumbnail":{"file":"M\u00e4nnermitfragw\u00fcrdigerVergangenheitklein-940x198.jpg","width":940,"height":198,"mime_type":"image\/jpeg","source_url":"https:\/\/www.medienberatungev.org\/wp-content\/uploads\/2018\/06\/M\u00e4nnermitfragw\u00fcrdigerVergangenheitklein-940x198.jpg"},"full":{"file":"M\u00e4nnermitfragw\u00fcrdigerVergangenheitklein-e1573064788220.jpg","width":300,"height":420,"mime_type":"image\/jpeg","source_url":"https:\/\/www.medienberatungev.org\/wp-content\/uploads\/2018\/06\/M\u00e4nnermitfragw\u00fcrdigerVergangenheitklein-e1573064788220.jpg"}},"image_meta":{"aperture":0,"credit":"","camera":"","caption":"","created_timestamp":0,"copyright":"","focal_length":0,"iso":0,"shutter_speed":0,"title":"","orientation":0}},"post":7373,"source_url":"https:\/\/www.medienberatungev.org\/wp-content\/uploads\/2018\/06\/M\u00e4nnermitfragw\u00fcrdigerVergangenheitklein-e1573064788220.jpg","_links":{"self":[{"href":"https:\/\/www.medienberatungev.org\/index.php?rest_route=\/wp\/v2\/media\/7396","targetHints":{"allow":["GET"]}}],"collection":[{"href":"https:\/\/www.medienberatungev.org\/index.php?rest_route=\/wp\/v2\/media"}],"about":[{"href":"https:\/\/www.medienberatungev.org\/index.php?rest_route=\/wp\/v2\/types\/attachment"}],"author":[{"embeddable":true,"href":"https:\/\/www.medienberatungev.org\/index.php?rest_route=\/wp\/v2\/users\/2"}],"replies":[{"embeddable":true,"href":"https:\/\/www.medienberatungev.org\/index.php?rest_route=%2Fwp%2Fv2%2Fcomments&post=7396"}],"wp:attached-to":[{"embeddable":true,"post_type":"post","id":7373,"href":"https:\/\/www.medienberatungev.org\/index.php?rest_route=\/wp\/v2\/posts\/7373"}],"curies":[{"name":"wp","href":"https:\/\/api.w.org\/{rel}","templated":true}]}}

http://www.medienberatungev.org/wp-content/uploads/2018/06/MännermitfragwürdigerVergangenheitklein.jpg

Männer mit fragwürdiger Vergangenheit

<p class="attachment"><a href='https://www.medienberatungev.org/wp-content/uploads/2018/06/MännermitfragwürdigerVergangenheitklein-e1573064788220.jpg'><img loading="lazy" decoding="async" width="214" height="300" src="https://www.medienberatungev.org/wp-content/uploads/2018/06/MännermitfragwürdigerVergangenheitklein-214x300.jpg" class="attachment-medium size-medium" alt="" srcset="https://www.medienberatungev.org/wp-content/uploads/2018/06/MännermitfragwürdigerVergangenheitklein-214x300.jpg 214w, https://www.medienberatungev.org/wp-content/uploads/2018/06/MännermitfragwürdigerVergangenheitklein-731x1024.jpg 731w, https://www.medienberatungev.org/wp-content/uploads/2018/06/MännermitfragwürdigerVergangenheitklein-e1573064788220.jpg 300w" sizes="auto, (max-width: 214px) 85vw, 214px" /></a></p>

2018/06/MännermitfragwürdigerVergangenheitklein-e1573064788220.jpg

MännermitfragwürdigerVergangenheitklein-150x150.jpg

https://www.medienberatungev.org/wp-content/uploads/2018/06/MännermitfragwürdigerVergangenheitklein-150x150.jpg

MännermitfragwürdigerVergangenheitklein-214x300.jpg

https://www.medienberatungev.org/wp-content/uploads/2018/06/MännermitfragwürdigerVergangenheitklein-214x300.jpg

MännermitfragwürdigerVergangenheitklein-731x1024.jpg

https://www.medienberatungev.org/wp-content/uploads/2018/06/MännermitfragwürdigerVergangenheitklein-731x1024.jpg

MännermitfragwürdigerVergangenheitklein-940x198.jpg

https://www.medienberatungev.org/wp-content/uploads/2018/06/MännermitfragwürdigerVergangenheitklein-940x198.jpg

MännermitfragwürdigerVergangenheitklein-e1573064788220.jpg

https://www.medienberatungev.org/wp-content/uploads/2018/06/MännermitfragwürdigerVergangenheitklein-e1573064788220.jpg
